= g + t. What is the units digit of u?
2
Let s(q) = 1 + q**2 - 2*q + 0 - 4. What is the units digit of s(4)?
5
Let l = 10 - 10. What is the units digit of 4 + 0 - (-16 + l)?
0
Suppose 2*b + 254 = 4*q, -2*q + 3*b - 45 = -182. What is the tens digit of q?
6
Suppose 8 = -2*i, -4*l + i + 94 + 30 = 0. What is the units digit of l?
0
Let p(t) = -t**3 - 9*t**2 - 5*t - 12. Let h be p(-8). Let y be h/(-8) - (-1)/2. Suppose 3*l - y*l + 20 = 0. What is the tens digit of l?
1
Let g(s) = -2*s - 1. Let j(d) = 4*d + 7. Let p be j(-6). Let z(w) = -6*w - 3. Let r(x) = p*g(x) + 6*z(x). What is the units digit of r(-1)?
1
Suppose 14 = 5*q - 4*o, 0*q - 2*o - 4 = -q. What is the units digit of q/(24/(-13) + 2)?
3
Suppose -3*t = -t - 18. Let d(s) = s**2 - 10*s + 12. Let b be d(t). Suppose -1 + 16 = b*g. What is the units digit of g?
5
Let w = -22 - -42. What is the tens digit of w?
2
Let y = -1 - -8. Suppose 2*z - y*z - 55 = 0. Let j(k) = -k**3 - 11*k**2 + k + 12. What is the units digit of j(z)?
1
Suppose -18 + 0 = -u. What is the tens digit of u?
1
Let j = 2 + 0. Suppose -c + j = -1. Let l = 4 - c. What is the units digit of l?
1
Suppose -3*s + 2*m - 8 = -0*m, -4*s - 3*m + 12 = 0. Suppose 4*p + s*p = 0. Suppose -10 = -2*w - p. What is the units digit of w?
5
Let j = -64 - -192. What is the hundreds digit of j?
1
Suppose -6*p = -5*p - 1. Let y = 3 - p. Suppose -2*j = -w - 10, -12 = -4*j + y*w - 4*w. What is the units digit of j?
4
Let d = 96 - 8. What is the units digit of d?
8
Let u(p) = -12*p. Let x be u(-5). Suppose k = -4*k - 4*m + x, 2*m = 2*k - 24. What is the units digit of k?
2
Let z(s) = -8*s - 9. What is the units digit of z(-4)?
3
What is the hundreds digit of (11/(44/904))/1?
2
Let o(l) = 2*l**3 - 6*l**2 + 4*l - 8. What is the tens digit of o(4)?
4
Let x = 20 - 12. What is the units digit of x?
8
What is the tens digit of 23/46 + 363/2?
8
Let j = 54 - 12. What is the tens digit of j?
4
Let o(z) = -8 + z**2 + z**2 + 9*z - 3*z**2. Let v be o(10). What is the units digit of v/(-27) + 10/3?
4
Suppose -d + 5*b + 2 = 3*b, -4*b = d + 28. Let y(c) = -c - 2. What is the units digit of y(d)?
6
Let t = -1 - -7. Let f be 4 - t/9*3. What is the units digit of 8 - (-1)/(1/f)?
0
Let z(k) = -k**2 + 6*k + 4. Let j be z(4). Suppose -4*u = -6*u + 6. Suppose -c - u = -j. What is the units digit of c?
9
Let z = 437 + -312. What is the units digit of z?
5
Let h(g) = -48*g**2 - 2*g + 2. Let y be h(-2). Let z be y/(-10) + (-4)/(-10). Suppose -z = -c - 3*n, 8 + 5 = c + n. What is the tens digit of c?
1
Let s(k) be the second derivative of k**5/10 + k**4/6 - k**3/3 - 3*k**2/2 + k. Let c be s(-2). What is the units digit of 37/7 - (-2)/c?
5
Let l(n) = n**3 + 3*n**2 - 3*n + 4. Let r be l(-4). Let i = r - -9. Suppose 5*o + i = 54. What is the units digit of o?
9
Suppose -12 = -2*y - 4*m, 2*y + 10 = 5*y + 2*m. Suppose -6 = y*z - 26. What is the tens digit of z?
1
Suppose 0 = -u - 0*u - 3. Let k = 6 + u. Suppose k*j = -0*j + 33. What is the units digit of j?
1
Suppose 2*w + 0 = 60. What is the tens digit of w?
3
What is the units digit of (-8)/12*(25596/8)/(-9)?
7
Let i(m) = 3*m**2 + 38*m - 28. What is the units digit of i(-16)?
2
Let d be ((-2)/(-2))/((-19)/(-38)). What is the tens digit of (1/(-2))/(d/(-76))?
1
Suppose 0*v + 40 = -4*v. Let b(c) = -2*c**2 - c - 1. Let d be b(-2). Let w = d - v. What is the units digit of w?
3
What is the units digit of (1 - -7)*(-1)/(-1)?
8
Let d(f) = -5*f - 3. Let t be d(5). Let p = -43 - t. Let s = p + 27. What is the tens digit of s?
1
Let h(d) = 2*d**3 + 11*d**2 - 7. Let f(v) = -3*v**3 - 17*v**2 + 11. Let w(r) = 5*f(r) + 8*h(r). Let o be w(-2). What is the units digit of 66/9 - (-2)/o?
8
Suppose -2*m - 2*b - 2 = -12, -4*b + 2 = m. What is the units digit of m?
6
What is the units digit of 1076/18 - 30/(-135)?
0
What is the tens digit of -1*(-4)/(-6)*(-834)/4?
3
Let y(g) = -g**2 + 10*g - 8. Let k be y(8). What is the tens digit of (-50)/6*(k + -14)?
5
Let h(x) = x**3 - 3*x**2 - 3*x - 6. Let a be h(4). Let u(t) = 4*t**2 - t + 1. What is the units digit of u(a)?
9
Let z = 43 + -13. Suppose 3*b = 18 + z. What is the tens digit of b?
1
Suppose -3*r + 2*p = -r - 380, 3*r - 4*p - 573 = 0. What is the units digit of r?
7
Let o(r) = 2*r + 5. Let i be o(8). Let h = i + -9. Let j = 25 - h. What is the tens digit of j?
1
Let w(b) = b**2 - b + 3. What is the tens digit of w(-9)?
9
Suppose -4*u = -2*b + 46 + 90, -261 = -4*b - 3*u. What is the units digit of 8/28 + b/14?
5
Suppose 392 = 3*d - 4*z, -3 = 2*z + 7. What is the tens digit of d?
2
Let g(n) = n + 6. Let m be g(0). What is the units digit of (-3)/m - (-5)/2?
2
Let u(j) = 2*j**3 + j**2 + j + 3. What is the units digit of u(4)?
1
Let s(j) = 35*j**2 + j + 1 - 5 - j**3 - 30*j**2. What is the tens digit of s(3)?
1
Suppose 15 = -5*a, 0 = -x + 5*x + 5*a - 941. What is the hundreds digit of x?
2
Suppose 4*r - 9*r = 135. What is the units digit of 2 + -3 - r/1?
6
Let b(y) = 2*y**3 + 2*y**2 + 7*y. Let s(i) = i**3 + i**2 + 3*i. Let o(g) = 2*b(g) - 5*s(g). What is the tens digit of o(-3)?
2
Let b be (6/9)/((-1)/21). What is the units digit of (b/(-8) + -1)*12?
9
Let q = -18 - -10. Let n = q + 14. Suppose x = -z + 1 + n, 0 = z - 4*x - 2. What is the units digit of z?
6
Let u(n) = 3*n**3 - 2*n**2 + n. Let b be u(1). Suppose b*q - 4*r = 3*q - 3, -2*r = 0. What is the units digit of q?
3
Let p(i) = i**3 - i**2 - i - 1. Let z be (-5)/((-10)/(-4)) - -4. What is the units digit of p(z)?
1
Suppose -2*r + 0*k = 4*k - 498, 2*r - 3*k - 463 = 0. What is the hundreds digit of r?
2
Suppose 12 = 3*h + h. Suppose -5*k - 2*j + 10 = -h*k, -k = -4*j + 20. Suppose -f - 5*u - 4 = k, 3*f + 0*u = 2*u + 22. What is the units digit of f?
6
Suppose -5*p + 3 = -17. Suppose -2*a + 54 = -p*w, 2*a - w - 54 = -3*w. What is the tens digit of a?
2
Let z(l) = -l**3 + 16*l**2 - 13*l + 29. What is the units digit of z(15)?
9
Let c = 116 + -110. What is the units digit of c?
6
Let v(m) = 4*m - 3. Let z be v(3). Suppose 9 = -2*q + u, -2*q = u - 7 + 18. Let x = q + z. What is the units digit of x?
4
Suppose 0*d = 3*d. Let j(g) = -g**2. Let c be j(d). What is the units digit of c - (-1 - (-1 + 1))?
1
Let y = -10 + 13. Suppose z + m - 5 = 0, -9 = -0*m + y*m. What is the units digit of z?
8
Let z be 0/(-2) - 8/(-4). Suppose -2*h - 20 = -z*q, 0*q + 5*q - 70 = -5*h. What is the units digit of q?
2
Let i(v) = 2*v**3 + v - 3*v**2 + 3*v - 5*v - 3 + 5*v. What is the units digit of i(2)?
9
Let z(b) = 20*b**2 + 3*b - 2. Let q be -4*3/(-6)*1. Let m be z(q). What is the units digit of m/(-8)*(-4)/6?
7
Let f = 405 - 229. What is the hundreds digit of f?
1
Suppose 20 = -a - 3*a. Let s(l) = 2*l + 12. What is the units digit of s(a)?
2
Suppose -4*c + 2*g = -c - 25, 15 = 4*c + g. Suppose -c = -5*y + 5. Suppose y*q - 2 = -0*q. What is the units digit of q?
1
Let x = -27 + 37. What is the units digit of x?
0
Let l = -10 - -12. Suppose -4*w + l*s = -6, 3*w = -0*w - 3*s + 27. What is the units digit of w?
4
What is the hundreds digit of 333 - (93/33 - 10/(-55))?
3
Let m = 2 + 24. Let q = m - 8. Suppose 4*x - 2*k = 2*k - 16, -2*x = -4*k + q. What is the units digit of x?
1
Let s(a) be the first derivative of a**3/3 - 5*a**2/2 + 6*a - 7. What is the units digit of s(4)?
2
Let y(i) = 6*i - 2. Let d be y(4). Suppose 4*w - d - 42 = 0. What is the units digit of w?
6
Let m = 110 + -56. What is the tens digit of m?
5
Let y = -3 + 6. Let g(p) = p**2 + 2. What is the tens digit of g(y)?
1
Suppose -3*q + 15 = 2*z, -q - 2*z = -6 - 3. Suppose -5*f + 5*y = 2*y + 29, -7 = 4*f + q*y. Let w(u) = -u**2 - 6*u - 5. What is the units digit of w(f)?
3
Suppose -o - 3*o = -8. Suppose 0*w - 5*w + o*a = -85, -a + 85 = 5*w. What is the tens digit of w?
1
Suppose 2*q - p - 172 = 0, -4*q + 4*p + 84 + 260 = 0. What is the tens digit of q?
8
Let d(m) = m**3 - 18*m**2 + 5*m + 5. What is the units digit of d(18)?
5
Suppose -4 = 4*s - 3*s, -3*z + 125 = 4*s. What is the tens digit of z?
4
Let h(x) be the second derivative of x**4/6 + x**3/3 + x. Suppose 5*y = -20, -9 - 20 = 3*a + 5*y. What is the tens digit of h(a)?
1
Let h be 4/(-14) - (-95)/(-35). What is the units digit of 10/2 - (-5 - h)?
7
Let h be ((-2)/(-3))/(6/279). Let c = -5 + h. Suppose 2*p + 4 = c. What is the tens digit of p?
1
Let m = -